 26008031?
7, 3715433
List the prime factors of 3754763.
3754763
List the prime factors of 336018.
2, 3, 56003
What are the prime factors of 9340489?
331, 28219
What are the prime factors of 13496900?
2, 5, 139, 971
List the prime factors of 14481061.
7, 31, 66733
List the prime factors of 652977.
3, 13, 5581
List the prime factors of 265598.
2, 41, 79
What are the prime factors of 23974639?
13, 281, 6563
What are the prime factors of 13675821?
3, 4558607
What are the prime factors of 2733524?
2, 683381
List the prime factors of 903192.
2, 3, 37633
List the prime factors of 135709.
7, 19387
What are the prime factors of 3917934?
2, 3, 307, 709
List the prime factors of 282655.
5, 56531
What are the prime factors of 239805?
3, 5, 73
What are the prime factors of 18524317?
7, 131, 20201
List the prime factors of 5520720.
2, 3, 5, 23003
List the prime factors of 2391766.
2, 13, 67, 1373
What are the prime factors of 321281?
101, 3181
List the prime factors of 8890950.
2, 3, 5, 59273
What are the prime factors of 2741176?
2, 342647
What are the prime factors of 27389?
61, 449
List the prime factors of 369576.
2, 3, 29, 59
List the prime factors of 479668.
2, 7, 37, 463
What are the prime factors of 105038?
2, 29, 1811
List the prime factors of 2894290.
2, 5, 7, 173, 239
What are the prime factors of 2369527?
2369527
List the prime factors of 220510.
2, 5, 22051
List the prime factors of 587911.
17, 34583
List the prime factors of 3225143.
3225143
What are the prime factors of 55405?
5, 7, 1583
List the prime factors of 16475437.
11, 1063, 1409
What are the prime factors of 909946?
2, 454973
What are the prime factors of 7399311?
3, 41, 43, 1399
What are the prime factors of 18097151?
18097151
What are the prime factors of 275760?
2, 3, 5, 383
What are the prime factors of 131242?
2, 211, 311
What are the prime factors of 3131381?
11, 23, 12377
List the prime factors of 6128.
2, 383
What are the prime factors of 9073309?
7, 1296187
What are the prime factors of 316221?
3, 105407
List the prime factors of 2570189.
2570189
What are the prime factors of 386583?
3, 128861
What are the prime factors of 342689?
263, 1303
What are the prime factors of 524928?
2, 3, 1367
What are the prime factors of 43037936?
2, 79, 431
List the prime factors of 5594011.
5594011
List the prime factors of 83124.
2, 3, 2309
What are the prime factors of 5209169?
7, 59, 12613
What are the prime factors of 152376?
2, 3, 7, 907
List the prime factors of 2074460.
2, 5, 103723
What are the prime factors of 12605018?
2, 19, 331711
List the prime factors of 30800344.
2, 3850043
List the prime factors of 3564408.
2, 3, 148517
What are the prime factors of 4693135?
5, 353, 2659
List the prime factors of 177480.
2, 3, 5, 17, 29
List the prime factors of 889879.
889879
What are the prime factors of 428043?
3, 7, 11, 17, 109
What are the prime factors of 164380?
2, 5, 8219
List the prime factors of 9090995.
5, 1818199
List the prime factors of 303272.
2, 167, 227
What are the prime factors of 487640?
2, 5, 73, 167
What are the prime factors of 3822491?
3822491
List the prime factors of 8478552.
2, 3, 541, 653
What are the prime factors of 567277?
567277
List the prime factors of 1437149.
7, 205307
List the prime factors of 201352.
2, 25169
What are the prime factors of 438874?
2, 219437
What are the prime factors of 257175?
3, 5, 127
List the prime factors of 14656548.
2, 3, 1221379
List the prime factors of 4991639.
383, 13033
List the prime factors of 12750439.
13, 980803
What are the prime factors of 180126?
2, 3, 10007
What are the prime factors of 1587824?
2, 7, 14177
What are the prime factors of 2309064?
2, 3, 96211
What are the prime factors of 221432?
2, 89, 311
List the prime factors of 542208.
2, 3, 353
List the prime factors of 25634621.
71, 173, 2087
What are the prime factors of 8549432?
2, 29, 43, 857
What are the prime factors of 1367340?
2, 3, 5, 13, 1753
What are the prime factors of 2272576?
2, 35509
What are the prime factors of 14639?
14639
What are the prime factors of 154383?
3, 51461
What are the prime factors of 18736324?
2, 401, 11681
List the prime factors of 6342140.
2, 5, 7, 89, 509
What are the prime factors of 1989627?
3, 663209
What are the prime factors of 120819?
3, 17, 23, 103
What are the prime factors of 204703?
277, 739
What are the prime factors of 874229?
874229
What are the prime factors of 908986?
2, 13, 34961
List the prime factors of 565833.
3, 47, 4013
What are the prime factors of 472537?
13, 163, 223
What are the prime factors of 111519?
3, 12391
List the prime factors of 392407.
19, 1087
List the prime factors of 7330035.
3, 5, 107, 4567
What are the prime factors of 942577?
942577
List the prime factors of 118621.
118621
What are the prime factors of 84829?
41, 2069
What are the prime factors of 2917360?
2, 5, 36467
List the prime factors of 313493.
67, 4679
What are the prime factors of 1604806?
2, 7, 79, 1451
List the prime factors of 6357771.
3, 7, 11213
What are the prime factors of 474264?
2, 3, 7, 941
List the prime factors of 5474900.
2, 5, 53, 1033
What are the prime factors of 15309403?
15309403
List the prime factors of 150452.
2, 29, 1297
List the prime factors of 3797199.
3, 7, 37, 181
List the prime factors of 545199.
3, 263, 691
What are the prime factors of 179957?
179957
What are the prime factors of 13089699?
3, 7, 173, 1201
List the prime factors of 10624712.
2, 7, 23, 73, 113
What are the prime factors of 1615908?
2, 3, 7, 19237
What are the prime factors of 17020755?
3, 5, 378239
What are the prime factors of 8263574?
2, 11, 34147
List the prime factors of 22018447.
11, 2001677
What are the prime factors of 2976329?
2976329
What are the prime factors of 20025?
3, 5, 89
List the prime factors of 16271067.
3, 5423689
What are the prime factors of 146903?
41, 3583
List the prime factors of 22630840.
2, 5, 565771
List the prime factors of 7713729.
3, 857081
What are the prime factors of 2331956?
2, 11, 52999
List the prime factors of 1684404.
2, 3, 71, 659
List the prime factors of 237820.
2, 5, 11, 23, 47
List the prime factors of 2397205.
5, 479441
List the prime factors of 1066822.
2, 73, 7307
List the prime factors of 1127937.
3, 375979
List the prime factors of 983287.
47, 20921
List the prime factors of 879364.
2, 191, 1151
What are the prime factors of 154055?
5, 11, 2801
What are the prime factors of 95634?
2, 3, 7, 11, 23
List the prime factors of 332008.
2, 47, 883
List the prime factors of 249456.
2, 3, 5197
What are the prime factors of 27482766?
2, 3, 1601, 2861
What are the prime factors of 1388081?
1388081
List the prime factors of 6122750.
2, 5, 19, 1289
List the prime factors of 12654.
2, 3, 19, 37
What are the prime factors of 535910?
2, 5, 53591
List the prime factors of 1614288.
2, 3, 13, 199
List the prime factors of 1712823.
3, 7, 81563
List the prime factors of 3294628.
2, 37, 113, 197
List the prime factors of 9490325.
5, 13, 29201
List the prime factors of 120764.
2, 7, 19, 227
What are the prime factors of 1824096?
2, 3, 19001
What are the prime factors of 254389?
254389
List the prime factors of 2328099.
3, 17, 191, 239
List the prime factors of 396188.
2, 13, 19, 401
List the prime factors of 23986677.
3, 11, 13, 17, 23
List the prime factors of 2788447.
2788447
What are the prime factors of 489674?
2, 244837
List the prime factors of 2558656.
2, 39979
List the prime factors of 11132089.
317, 35117
List the prime factors of 316441.
67, 4723
List the prime factors of 57346.
2, 53, 541
What are the prime factors of 10730162?
2, 17, 315593
What are the prime factors of 1381942?
2, 67, 10313
List the prime factors of 4503683.
4503683
What are the prime factors of 12198849?
3, 13, 167, 1873
What are the prime factors of 10867680?
2, 3, 5, 7547
List the prime factors of 1475146.
2, 737573
What are the prime factors of 428207?
13, 32939
List the prime factors of 303292.
2, 11, 61, 113
List the prime factors of 819059.
257, 3187
List the prime factors of 1550751.
3, 107, 4831
List the prime factors of 2837869.
1597, 1777
List the prime factors of 460136.
2, 113, 509
What are the prime factors of 365114?
2, 311, 587
What are the prime factors of 16734936?
2, 3, 17, 41017
List the prime factors of 3